rst derivative of -y**4/12 + 13*y**3/6 - 2*y**2 + 1. Let i(v) be the second derivative of o(v). What is the tens digit of i(-10)?
3
Let p be (-5 + 2)/(-3 + 2). Suppose 1 = -p*k + 4*k. What is the units digit of (-120)/(-4)*k + -4?
6
Let p = 98 - 383. What is the tens digit of (-86895)/p + (-4)/(-38)?
0
Let r(p) = 118 - 118 + 65*p. What is the tens digit of r(1)?
6
Let c = -266 + 577. What is the units digit of c?
1
Let b = -10 - -8. Let c be (-1 - 0) + b - -178. Suppose 0 = 4*m + 43 - c. What is the tens digit of m?
3
Suppose -35*j - 81 = -38*j. Let u(m) = m**2 - 2*m - 7. Let o be u(5). Let w = j - o. What is the tens digit of w?
1
Let n = 5 - 15. What is the tens digit of ((-4)/n)/((-12)/(-60)) - -17?
1
Let w(r) = r**3 - 9*r**2 + 4*r - 3. Let p = -85 + 95. What is the tens digit of w(p)?
3
Let a(c) = -126*c - 9. Let k be a(-2). Suppose -5*b + k = -392. What is the units digit of b?
7
Let y(v) = v**3 + 6*v - 6. Let s be y(4). Let d = s - 59. What is the units digit of d?
3
Let i be -3 + (8*4)/4. Let f(p) = p**3 + 10*p**2 + 9*p + 5. Let a be f(-9). Suppose -a*s + 2*d = -180, i*s - 3*s = 5*d + 93. What is the tens digit of s?
3
Suppose 7998 = 3*d - 8559. What is the hundreds digit of d?
5
Let n(p) = 20*p + 17 - 57*p + 11*p**2 + p**3 + 26*p. Let o be n(-12). Suppose -3*v + 0*v - 50 = -2*g, -o*v = 5*g - 125. What is the units digit of g?
5
Suppose -20*m = 4*m - 2016. What is the tens digit of m?
8
Suppose 5*x = -2*f + x - 18, 2*f - 5*x + 54 = 0. Let s = -4 - f. What is the units digit of s?
3
Let x(n) = -3*n + 5. Let z be x(4). Suppose 2*d + d - 36 = -2*m, m + 5*d - 32 = 0. Let f = m + z. What is the units digit of f?
5
Suppose 2*l + 8 = 30. Suppose l = 11*o - 12*o. Let d = o + 18. What is the units digit of d?
7
Let g(z) = -z**2 + 5*z - 5. Let j be g(4). What is the units digit of -2 + j + 24 - 0/(-1)?
1
Suppose b - 33 = 2*h, -4*b = 10 + 2. What is the tens digit of (h/4)/(4/(-72))?
8
Let h = -22 + 20. Let z be -9 - (3 + -3) - h. What is the units digit of (z/(-2))/((-2)/(-12))?
1
Suppose 0 = h + 440 - 2747. What is the thousands digit of h?
2
Suppose 260*u - 146363 = 231*u. What is the thousands digit of u?
5
Let x = -5 + 8. Suppose -f - x*f = 0. Suppose t = 3 - f. What is the units digit of t?
3
Let d = -4 - -6. Let k(q) = -q**2 - 7*q + 52. Let n be k(-11). Let h = n - d. What is the units digit of h?
6
Let r(f) = -f**3 - 8*f**2 + 21*f + 14. Let w be r(-10). Suppose 81 = w*p - p. What is the units digit of p?
7
Suppose 2*m + 234 = 4*k, 4*m + 342 = m + 3*k. Let b = m + 177. What is the units digit of b?
6
Let z = 130 - 0. What is the tens digit of -1 - (-8)/24 - z/(-6)?
2
Let p = 33 + -21. Suppose -k + p = k. Suppose -k*b = 94 - 466. What is the units digit of b?
2
Let m = -64 + 64. Suppose 9*w - 13*w + 120 = m. What is the units digit of w?
0
Let s(o) = -o**3 + 4*o**2 - 3*o. Let d be s(3). Let f(x) = 8*x**2 + 8 - x**3 + 2*x**3 + d + 8*x + 0. What is the units digit of f(-7)?
1
What is the hundreds digit of 8736/16*6/7?
4
Suppose -3*m + 3 = 6, 0 = -3*l - 5*m - 2. Let o(n) = 3*n - 13 + n**2 - 5*n - 3 - l. What is the units digit of o(9)?
6
Let q(j) = 0 + 2 + 4 - 4*j - 5. Suppose 0*w + 9 = -3*w. What is the units digit of q(w)?
3
Let c = 29 + -26. Suppose c*j - 15*j + 612 = 0. What is the tens digit of j?
5
Suppose 0 = 2*s - 4, -5*l = 3*s - 86 - 5. Suppose -g + 7 = l. Let h = 14 - g. What is the tens digit of h?
2
Let m(f) = 148*f + 99. What is the tens digit of m(7)?
3
Let x = 330 + -222. Suppose 2*o + 2*y = -2*o + x, 0 = 3*o - y - 81. What is the units digit of o?
7
Let s(w) = -3*w + 15. Let p be s(5). Suppose 4*v - 290 = -2*z + 8*v, z + 3*v - 135 = p. What is the tens digit of z?
4
Let n = 734 + -215. What is the hundreds digit of n?
5
Let d be 0 - (66 + -2)/1. Let b = d + 209. What is the hundreds digit of b?
1
Let i(k) = k**3 + 6*k**2 + 6*k + 7. Let o be i(-5). Suppose 0 = -o*s - 3 + 11. Suppose s*g - 81 = g. What is the tens digit of g?
2
Suppose 2*o + 3 = 5*o. Let j be (-4 + o)*(1 - 2). Suppose -3*p + 16 = -5*f, j*p + f + 1 = 5. What is the units digit of p?
2
Let f = -273 - -403. Suppose 12*r + f = 514. What is the tens digit of r?
3
Let l = 7 - 6. Let m(i) = -i**3 - 6*i**2 + 1. Let u be m(-6). Suppose u = o - l, -3*z + 26 = 4*o. What is the units digit of z?
6
Let u be 80/(-32)*(0 + -2). Suppose -3*g = 2*v - 142, -2*v + u*g = -83 - 91. What is the tens digit of v?
7
Let y(o) = -4*o + 7. Let d be y(3). What is the hundreds digit of 120 - -2 - (-10)/d?
1
Suppose -2*s - 2*g = -8, -5*g = -2*s + s + 16. Suppose 10*c - 344 = s*c. What is the tens digit of c?
8
Let x(z) = -z**3 - 24*z**2 + 60*z + 129. What is the hundreds digit of x(-29)?
5
Suppose 0*g = 5*g - 120. Suppose -2*k - h = 4*h - g, -4*k = 3*h - 20. Suppose -5*w - k*s = -s - 96, -4 = -4*s. What is the tens digit of w?
1
Suppose -2*z - 9 = -2*p - 1, 4*z + 10 = p. Suppose -4*g + 393 = -3*x, p*g - 294 + 105 = -x. What is the tens digit of g?
9
Let u(d) = d**3 - 2*d**2 + d. Let y(o) = 3*o**3 + o**2 + 7*o - 11. Let w(g) = -4*u(g) + y(g). Suppose 2*n - n = 9. What is the units digit of w(n)?
6
Suppose -37*v = -27*v - 390. What is the tens digit of v?
3
Suppose r - 2*r - 5*s = -13, 0 = -4*r + s + 10. Let g(k) = -k**r - 32*k**2 + 18*k**2 - 2 + 15*k**2 - 3*k. What is the tens digit of g(-3)?
4
Suppose -6*q + 3 - 9 = 0. What is the units digit of 17 + 0 - 3/q?
0
Let k(x) = 2*x**2 + 2*x - 4. Let j be k(2). Suppose -j*z - 3113 = -19*z. What is the units digit of z?
3
Let d(y) = 48*y**2 + 24*y - 122. What is the tens digit of d(5)?
9
Let o = 117 - 45. Let s = o - 29. What is the units digit of s?
3
Let t(y) = y**2 + 1 + 6*y**2 + 12*y + 8 - 8*y**2. Let p be t(7). Suppose -9*n = -13*n + p. What is the tens digit of n?
1
Let y(l) = -l**3 + 7*l**2 + 7*l - 2. Let c be y(7). Let a = 71 - c. Suppose 8 - a = -4*q. What is the units digit of q?
4
Let w = 4 + 3. Let i = w + 20. What is the units digit of i - 0*4/(-8)?
7
Let q(j) = 4*j**2 + 3*j + 1. Let s be q(3). Suppose -2*x = -4*x + s. Suppose 3*v - x = 7. What is the units digit of v?
0
Suppose 6 = -3*k + 12. Suppose z = k*j + 12, -z - 4*j - 44 = -4*z. Let w = z + -14. What is the units digit of w?
6
Suppose -b + 0*b + 686 = -2*n, -5*b + 4*n + 3406 = 0. Let p = -355 + b. What is the tens digit of p?
2
Suppose -2*v + d + 347 = 2*v, -4*v + 4*d = -344. Let u = 254 - v. What is the units digit of u?
7
Let f = -201 - -290. Suppose 0 = 5*p - 671 - f. What is the hundreds digit of p?
1
Suppose q - 288 = 3*z, 3*q + z = -4*z + 864. What is the units digit of q?
8
Suppose 0*b + 24 = -2*b. Let w be ((-1)/2)/(b/432). Suppose -z + w = -3*t, 10 = -4*z + 3*z - 4*t. What is the units digit of z?
6
Let n = 115 - 196. Let x = -6 - n. What is the tens digit of x?
7
Suppose -5*o - j - 46 = 0, 2*o + j = -2*o - 36. Let f(g) = -22*g + 10. Let v be f(o). Suppose -x = -6*x + v. What is the tens digit of x?
4
Let k(d) = d**3 + 8*d**2 + d - 2. Let a(z) = z**3 - 6*z**2 + z + 3. Let c be a(6). Suppose q - 4 = -c. What is the units digit of k(q)?
8
Let l(d) = -9*d - 6. Let r = 20 - 27. What is the tens digit of l(r)?
5
Suppose -18*f + 20*f - 3*q = 63, 3*f - 2*q - 107 = 0. What is the units digit of f?
9
Let u be (-7 - -1)/(16/376). Let a = u + 205. Suppose 5*n - a = 3*n. What is the units digit of n?
2
Suppose -1915 = -4*i - 3*x + 1721, -4*i = -5*x - 3636. What is the tens digit of i?
0
Let r(c) = -189*c - 113. What is the tens digit of r(-9)?
8
Let b(q) = 978*q**2 - 8*q - 9. What is the hundreds digit of b(-1)?
9
Suppose 0 = -26*s - 46*s + 200592. What is the units digit of s?
6
Let f(x) = x**2 - 62. What is the units digit of f(27)?
7
Let t(m) = m**3 - 32*m**2 + 2*m - 59. Let f be t(32). Suppose -2*d + 249 = 3*h - 118, f*d + 374 = 3*h. What is the units digit of h?
3
Let k(b) = -4*b**2 - b**3 + 173 + 11*b - 81 - 79. What is the tens digit of k(-7)?
8
Suppose 4*b - 21 = -t - 3, 2*b + 3*t - 4 = 0. Suppose 0 = -b*n + 305 - 75. Suppose 0 = 3*k - 17 - n. What is the tens digit of k?
2
Let y(m) = 18*m - 44. What is the units digit of y(30)?
6
What is the tens digit of 798/(-105)*770/(-2)?
2
What is the units digit of 1/2 - ((-94)/4 + 5)?
9
Suppose -6241 - 1492 = -19*q. What is the tens digit of q?
0
Suppose d + 4*d - 5*u = -95, 3*d = 4*u - 56. Let v be (20 + 1)*d/(-12). Suppose 0 = 3